3 + (5 - 2))
3
Evaluate (0 - 0) + 14 + -19.
-5
What is 8 + 0 + 5 + -8?
5
What is 0 - -1 - (1 + (-4 - -3))?
1
-1 + 1 - (3 - -1)
-4
Calculate (43 - 38) + (0 - 1).
4
Evaluate -4 + 8 - 13 - -5.
-4
What is -6 + 11 + 1 + 2 + -2?
6
Calculate -3 - (2 - 0 - (-4 + 8)).
-1
What is 0 - (5 + -2) - (2 + 0)?
-5
Calculate (-13 - -13) + -3 + 1.
-2
Evaluate (3 - -7) + -20 + 7.
-3
Calculate 17 - (8 - 0) - (0 + 5).
4
Evaluate 6 - (-5 - (-15 - -5)) - 7.
-6
Evaluate 7 + -4 - 4 - (3 - 5).
1
1 - ((5 - 10 - -3) + 3)
0
Evaluate -2 - (10 - (6 - -6)).
0
Evaluate (-4 - 1) + 54 + -52 + -2.
-5
Calculate -2 + -5 + 9 - (-1 - -2).
1
Calculate -7 + (8 - 10) + (-3 - -6).
-6
What is -1 - (-5 - (-5 - 3))?
-4
What is the value of (4 - 1) + -12 + -8 + 11?
-6
Evaluate 6 - (-3 + 6 - -8).
-5
Evaluate 6 + 1 + (1 - (3 - 0)).
5
Calculate (-3 - -10) + (1 - 8).
0
What is 3 + -4 - (2 + 4)?
-7
What is (-4 + 1 - (-3 - 2)) + -5?
-3
(-32 - -26) + (12 - -1)
7
What is the value of 7 - (5 + (13 - 6))?
-5
Evaluate (-2 - -6) + (3 - 1 - 8).
-2
What is 9 + -10 - (1 + 0 - -5)?
-7
What is the value of 8 + -13 + (2 - 0) - -3?
0
(3 - 5) + (2 - 2)
-2
What is (0 - 0) + 1 + -1 + 1?
1
What is (2 - (-3 - -4)) + -4?
-3
What is the value of 3 - (7 - (-4 - -8))?
0
Calculate 5 + (0 - (2 - (-5 - -5))).
3
Calculate (17 - 10) + (-4 - -1).
4
(-3 - 1) + (7 - -7) + -5
5
Evaluate 19 + -16 + (-1 + 0 - -3).
5
Evaluate 11 + -4 + 2 + 0 + -4.
5
What is -1 - (-5 + 3 + (0 - 1))?
2
(-3 - -15) + -9 + -2
1
Evaluate 10 + 0 - (-7 - -12).
5
Evaluate 1 + 1 + 6 + (-6 - -2).
4
What is the value of 3 - (-1 - ((-3 - -1) + 3))?
5
Evaluate (-9 - -5 - -11) + 0.
7
What is 17 + 0 + -8 + (-4 - 0)?
5
What is the value of 20 + -19 - (4 - 0)?
-3
(9 - -3) + (0 - 8)
4
Evaluate 1 - 3 - (14 + -10).
-6
Calculate -5 + 10 + (-11 - -1).
-5
What is 5 - ((2 + -3 - 2) + 4)?
4
Calculate 0 + -1 + 4 - (5 + 0).
-2
What is the value of (10 + -6 - 3) + 5?
6
(1 - 3 - -6 - -1) + -5
0
What is (-4 - -6) + 0 + (0 - 4)?
-2
1 - ((17 - (1 - 0)) + -8)
-7
Evaluate (6 - (3 + 2)) + (1 - 1).
1
Evaluate (0 - 0) + -1 + (-91 - -94).
2
What is the value of 11 + -3 + -7 + 1?
2
Calculate -8 - -5 - (-1 + -2).
0
What is 8 + (-3 - -2) + -3?
4
What is -12 + 10 - (8 + -4 - 0)?
-6
Evaluate (12 - 16) + -2 + 9.
3
Calculate 6 + -4 + (4 - 8).
-2
Calculate 4 - (0 + -5 + (6 - 7)).
10
What is the value of 3 - (0 + (0 - (-2 - -4)))?
5
What is -2 + 0 + -1 + -4 + 2?
-5
Evaluate 4 - (8 - (-6 - -13)).
3
Calculate -4 - (-2 - 2) - -3.
3
-11 - (-7 + (-6 - -6))
-4
What is 10 + -13 + -1 + -1?
-5
What is the value of 2 + 1 + -1 - 1?
1
-1 + 1 + 4 + -5
-1
What is -64 + 56 + 6 + 0?
-2
What is the value of 11 + -10 + -7 - -5?
-1
What is -5 + 3 + -3 + 10?
5
What is the value of -1 - (-2 - 1 - (4 - 9))?
-3
(8 - 1) + (5 - 14)
-2
Evaluate -5 + 6 + -3 + 1.
-1
Evaluate 2 + -4 + -2 + -2.
-6
Evaluate 4 + -9 - (-27 + 28).
-6
What is the value of (-3 - (0 + 2 + -5)) + 3?
3
(-4 - (-1 + -1 + 4)) + 10
4
-1 + -4 + 4 - 2
-3
Evaluate 3 + (-14 - -7) - -6.
2
Calculate (-1 + -2 - -2) + -4.
-5
(3 - 3) + -4 + (-1 - -1)
-4
Evaluate 7 - 5 - 5 - (-2 + -1).
0
Calculate 3 + (-3 + 4 + 4 - 2).
6
What is the value of 10 + -4 + (7 - 2 - 4)?
7
Evaluate 12 + -12 + 4 + -3.
1
Calculate 4 - 1 - 4 - (3 - 2).
-2
What is the value of (3 - (2 + 9)) + 11 + 4?
7
Calculate (36 - 39) + (-3 - -3).
-3
What is -18 - -20 - (-1 + 3)?
0
What is the value of 14 + 2 + -6 + -7 + 6?
9
Evaluate (-2 - 0) + (14 - 11) + 4.
5
What is 9 - 10 - 3 - 0?
-4
Evaluate 1 + -2 + 3 + 0.
2
What is -2 + (-10 + 4 - -6)?
-2
What is the value of -2 - (5 - (2 + 3 - 2))?
-4
Calculate (0 - 7 - -4) + 0.
-3
Calculate 9 + (-2 + 1 - 2) + -2.
4
What is the value of (-17 - -8) + 15 + 1?
7
-3 + 1 + -2 + (5 - 8)
-7
-4 - ((8 - 5) + (1 - 4))
-4
4 - ((2 + -3 - -4) + -2)
3
Evaluate (5 - (0 - -1)) + (-6 - 3).
-5
Calculate -15 + (12 - 11) - -12.
-2
What is 2 - (6 + 6 + -16)?
6
0 - 4 - (1 + -2 + 0)
-3
-8 + (15 - 6) - 2
-1
What is the value of (10 - 5) + -2 + -2 + 3?
4
Evaluate 7 + (7 - 7) + 1 - -1.
9
What is the value of 2 + (10 - 11) + (0 - -4)?
5
What is -6 + 0 - (6 - (12 - 5))?
-5
Evaluate (-1 + 5 - -1) + -1.
4
Calculate (7 + -6 - 4) + 5.
2
Calculate -4 + -9 + -3 + 14.
-2
What is 2 + 0 + (-8 - -3) + 2?
-1
What is 3 - 13 - (10 - 22)?
2
Calculate 4 - (20 + (3 - 4 - 6)).
-9
What is 5 + 0 + 0 - 5 - 5?
-5
0 - 5 - -7 - (-6 + 10)
-2
(14 - 7) + (-11 - -1)
-3
Evaluate -1 - -3 - (2 - -1).
-1
What is the value of (4 - 1) + -3 + 5 + -4?
1
What is the value of -1 - -9 - 2 - 2?
4
What is the value of 0 + -3 - ((1 - 5) + -3)?
4
What is 0 + -4 + 1 + 1 + -2?
-4
0 + 0 + -31 + 28
-3
What is -1 + (0 - (3 + 2))?
-6
Calculate 6 - (2 + -6 + (0 - -5)).
5
What is (4 - (-3 + -2)) + -4?
5
Evaluate 4 - (13 + (-6 - -2)).
-5
Evaluate (7 - 1) + (-12 - -4 - -6).
4
What is the value of (-11 + 7 - (0 - 8)) + 1?
5
What is -1 + 1 - (185 - 190)?
5
What is the value of (-5 - 4) + 4 + 2?
-3
Evaluate -4 - (-7 + -9 + 6 + 1).
5
What is the value of 4 - (0 + 12) - -4?
-4
What is the value of -7 + (-8 - -17) - -1?
3
What is 2 + -7 + (-3 - -8)?
0
-12 + (10 - 4) - -1
-5
What is the value of (-5 - -4) + 12 + -5?
6
What is the value of (-8 + (-7 - -11) - -13) + -5?
4
What is 7 + -5 - (1 - (0 - -1))?
2
Evaluate 1 + (-2 - -2 - 7 - -15).
9
Evaluate (3 - 2 - 1) + 4.
4
What is 3 - 5 - (-3 + 0)?
1
What is 18 - (4 + -2 + 10)?
6
What is the value of -2 - 3 - (-25 + 18)?
2
-4 - -8 - (-1 + -2) - 3
4
Calculate -10 - -20 - 14 - (0 - 9).
5
Evaluate -13 + 0 + 5 + 3.
-5
Calculate -1 - 2 - (-127 + 116).
8
What is the value of 11 - 12 - 4 - (-8 + 0)?
3
What is -9 + (0 - (-6 + 2))?
-5
What is the value of 9 + -7 + 2 + -3 + 4?
5
What is 10 + (4 - (-6 + 18))?
2
Calculate 1 + 2 + (15 - 35) + 13.
-4
Calculate 2 + -3 - (5 + -1 + -5).
0
What is -12 - (8 - 22) - (-1 - 4)?
7
What is the value of (-1 - 3) + 4 + (0 - 1)?
-1
4 + (-4 - -2) - (6 + -2)
-2
-6 + (3 - (-2 - (-5 - -2)))
-4
Calculate 1 - -1 - (-4 + 2).
4
What is the value of (7 - 4) + 3 - (5 - 5)?
6
Evaluate -4 + 2 + (4 - 0) - 4.
-2
What is 45 + -47 - (2 - 8 - -2)?
2
What is 1 - (3 + 0 + -6 + -1)?
5
Evaluate (1 - -2) + (-10 - (-4 + 1)).
-4
What is the value of (5 - (1 - -1)) + -2?
1
(2 + -2 + 7 - -4) + -5
6
Calculate (-11 - -7 - -1) + 4.
1
Calculate 0 + (5 - -2) + -7.
0
Calculate (3 - (2 - 3)) + 2 + -1.
5
Evaluate -8 - (-3 - (4 - 4)).
-5
What is the value of -4 - -5 - -4 - (-1 - 0)?
6
What is the value of (-5 - (-3 - (14 + -8))) + -4?
0
Evaluate 4 - 0 - (-1 + 3).
2
Evaluate 2 + 0 + -4 + 2 - 3.
-3
Calculate -3 - (3 + -1) - (-2 + 0).
-3
What is the value of 8 - ((-8 - -10) + -7 + 10)?
3
-8 + 3 - 3 - (4 + -10)
-2
-6 + -5 - -5 - (-5 + -3)
2
What is (2 + (-3 - 0) - -3) + -2?
0
What is 3 - ((5 - 7 - 0) + 3)?
2
Evaluate -1 + 1 + 3 - (4 + -6).
5
0 + (2 - 8 - -5)
-1
Evaluate (-21 - 3 - -5) + 12.
-7
10 - 0 - ((-15 - -16) + 1)
8
What is the value of (-2 + -2 - -4) + -3?
-3
Evaluate -4 - (-12 + (3 - -1)) - 2.
2
What is -5 - ((6 - 1) + -5)?
-5
Calculate 4 + -3 + 9 + -8.
2
What is the value of 3 + (8 - 13 - (1 + 0))?
-3
What is -4 + 4 + 5 - (-4 + 15)?
-6
Evaluate (4 - 11) + 12 + -6.
-1
What is 4 + (-13 - 3) + (2 - -5)?
-5
1 - 1 - (24 + 17 + -35)
-6
Evaluate -31 + 26 + (2 - -2) + 5.
4
What is the value of 4 + 0 + (-13 - -14)?
5
What is -6 + (3 - -6 - -4)?
7
Calculate -2 + (1 - (0 - 2)).
1
Calculate (13 + -7 - 3) + -5.
-2
0 + 4 + -1 - (67 - 69)
5
What is 2 + (-8 - -2) + 35 + -29?
2
Evaluate 16 + -15 + (3 - 0) + -3.
1
What is the value of -5 - (1 + 4 + 0 + -8)?
-2
What is 0 - ((0 - (4 - 8)) + -3)?
-1
What is the value of (-2 - -3 - -1 - 2) + -6?
-6
What is (1 - 1) + -5 + 13 + -13?
-5
What is the value of -5 - (0 + (-2 - -3) + -3)?
-3
Calculate 7 - (4 + (-4 - -4)).
3
-4 - (3 + -14 - -5)
2
Calculate -13 - -8 - (-1 - 9).
5
Calculate 5 + 0 + (-16 - (-13 + 4)).
-2
Calculate (0 - 1) + 1 - 0.
0
What is 11 + (-9 - 2) - (-2 + 0)?
2
What is 0 + 5 - (-2 - (-15 - -8))?
0
Calculate 0 + -3 + 4 - -3.
4
What is -14 - -22 - 8 - (1 - -4)?
-5
What is 6 + (-5 - -4) + -6?
-1
Calculate 25 - 27 - (0 - 7).
5
What is the value of 3 + (1 - (3 - -1))?
0
-5 + (8 - -7) + -10
0
14 + -2 - (28 + -22)
6
Evaluate -2 - -3 - (24 + -22).
-1
Calculate 5 - (-4 - (5 + -6) - -5).
3
(14 - 0 - 8) + (-14 - 0)
-8
Calculate (-5 - (4 + -2)) + -3.
-10
What is the value of 3 + -5 + (3 - 4)?
-3
What is the value of (-2 - -8) + (-2 - (-3 + 3))?
4
8 - (54 + -57 + (1 - -4))
6
W